515 - 2?
-17517
In base 4, what is 333223022 + -10?
333223012
In base 8, what is -5 - 151002?
-151007
In base 9, what is -1313682 - 3?
-1313685
In base 5, what is -4 + 230322121?
230322112
In base 16, what is c48 + -150?
af8
In base 14, what is 4c6 + -2160?
-1a78
In base 7, what is -3 - -152352?
152346
In base 9, what is -227 + 4420?
4182
In base 9, what is 18 - -13083?
13112
In base 8, what is -245 + 622?
355
In base 9, what is 2880676 + 3?
2880680
In base 3, what is -1001 + 1201110200?
1201102122
In base 3, what is -100 + 202120001?
202112201
In base 8, what is 6 + -56513?
-56505
In base 2, what is 10000001110101011101 + -100?
10000001110101011001
In base 16, what is 146 + -a5?
a1
In base 12, what is 1248 + -16?
1232
In base 3, what is 11 + 2120010212?
2120011000
In base 13, what is 2 + -2c2457?
-2c2455
In base 11, what is -6 - -453?
448
In base 15, what is 46 - -667?
6ad
In base 11, what is 786 + 47a?
1155
In base 16, what is -40 + 1067?
1027
In base 4, what is -22 - 1213113?
-1213201
In base 3, what is 2210 - -100002?
102212
In base 11, what is 11557a + -18?
115562
In base 8, what is 34 + -2372?
-2336
In base 14, what is 205 + 42?
247
In base 5, what is -131140 - 4?
-131144
In base 16, what is -8 - cb2?
-cba
In base 14, what is -98 + 40?
-58
In base 8, what is -45 - -242?
175
In base 9, what is 2 + 3110?
3112
In base 14, what is -4dc302 - -4?
-4dc2dc
In base 6, what is 33152 + 5?
33201
In base 11, what is -9156 + 35?
-9121
In base 3, what is 200121 + -222?
122122
In base 11, what is -322 + 2a1?
-31
In base 14, what is 1072a - -5?
10731
In base 11, what is a - 6466?
-6457
In base 6, what is -5352 + -4532?
-14324
In base 3, what is 102 + -1002110101?
-1002102222
In base 3, what is 110220202111 - 1?
110220202110
In base 5, what is 12 + -14421?
-14404
In base 15, what is 327 - -34b?
673
In base 10, what is -1431 - -610?
-821
In base 3, what is -22210 + 20012021?
12212111
In base 15, what is 5 - bbb82?
-bbb7c
In base 12, what is a16 + 28?
a42
In base 14, what is -1 - -d1bc5?
d1bc4
In base 6, what is 101 + 3410?
3511
In base 7, what is 0 + -52354?
-52354
In base 16, what is -106 + -2ab?
-3b1
In base 14, what is -2a61b + 1?
-2a61a
In base 9, what is 13646 - 11?
13635
In base 7, what is 154340 - -2?
154342
In base 6, what is -142105 - 433?
-142542
In base 8, what is -210171 - -1?
-210170
In base 12, what is 57 - 34040?
-33ba5
In base 4, what is -113022 - 3223?
-122311
In base 16, what is -c - -2321c?
23210
In base 15, what is 511b4a - 1?
511b49
In base 6, what is 1131510 - -4?
1131514
In base 9, what is 31530 + 2?
31532
In base 11, what is 114a8 - -6?
11503
In base 9, what is 32 + 1030?
1062
In base 6, what is -11040121 - -5?
-11040112
In base 10, what is 310470 + -2?
310468
In base 9, what is 4587 - 51?
4536
In base 10, what is -3 + -1345581?
-1345584
In base 13, what is -484a + -cb?
-4948
In base 12, what is -10ba3 + 5?
-10b9a
In base 11, what is 1a4 - -9586?
977a
In base 15, what is 0 + -11022d?
-11022d
In base 15, what is 3 - 1ad4?
-1ad1
In base 16, what is -8 - -e7f7?
e7ef
In base 2, what is -1 + -1001110010?
-1001110011
In base 12, what is 440 - -113b?
157b
In base 3, what is -22120020012 + 1?
-22120020011
In base 13, what is 31bc67 + -5?
31bc62
In base 2, what is -100111110010101 + 10000?
-100111110000101
In base 2, what is 10111001 + 1000101001?
1011100010
In base 6, what is -33241 - 153?
-33434
In base 6, what is 41 - -132321?
132402
In base 11, what is 145353 + 28?
145380
In base 9, what is 10300 - 28?
10261
In base 6, what is -2 - 4122201?
-4122203
In base 16, what is 1be + 22?
1e0
In base 15, what is 253d0 - 9?
253c6
In base 14, what is b - -710b?
7118
In base 14, what is -2 - 815d7?
-815d9
In base 16, what is -19d54 + 4?
-19d50
In base 16, what is 3 - -998e?
9991
In base 13, what is -8 + 408c?
4084
In base 2, what is -101110010011010 + 1101?
-101110010001101
In base 13, what is 16 + 122?
138
In base 15, what is a + -4832?
-4827
In base 9, what is -556 - 174?
-741
In base 15, what is -1acc4b + -5?
-1acc51
In base 5, what is 111 - 4321?
-4210
In base 16, what is 1 - a23e?
-a23d
In base 8, what is -663263 - 4?
-663267
In base 12, what is 976 + 50?
a06
In base 16, what is -38 + 1f2?
1ba
In base 11, what is -24165 + -4?
-24169
In base 8, what is -2140706 - 4?
-2140712
In base 7, what is 5 - 31166?
-31161
In base 16, what is 0 + 199b6?
199b6
In base 16, what is 115d + -32?
112b
In base 7, what is 30112 - -102?
30214
In base 16, what is 52447 + -4?
52443
In base 2, what is -101 + -11010100101?
-11010101010
In base 13, what is 187 - 4731?
-4577
In base 10, what is 3 + 18002?
18005
In base 16, what is -52ffc3 - -3?
-52ffc0
In base 5, what is 4211224 + 23?
4211302
In base 6, what is -201141 - -10?
-201131
In base 10, what is -110677 + 0?
-110677
In base 15, what is 9a - 2e?
6b
In base 14, what is -1cd + 702?
513
In base 16, what is 54f7 + 0?
54f7
In base 14, what is 30d6 - 4?
30d2
In base 16, what is 1189 + -2?
1187
In base 10, what is 5451 - -19?
5470
In base 7, what is 41 - -126624?
126665
In base 16, what is -20 + 294?
274
In base 14, what is -1434 + -29?
-145d
In base 2, what is -1100000001110110 - -11?
-1100000001110011
In base 5, what is -440111 + 3?
-440103
In base 12, what is -3189b0 - -1?
-3189ab
In base 3, what is -220120 - -220111?
-2
In base 12, what is 1 + -b25?
-b24
In base 6, what is -514 + 4234?
3320
In base 7, what is 56461 + -34?
56424
In base 11, what is -12 - -15a47?
15a35
In base 13, what is a + 984b?
9858
In base 11, what is 3 - -10144?
10147
In base 8, what is 3526 - 200?
3326
In base 3, what is 1221 + 2022101?
2101022
In base 3, what is -2000021021201 + -1?
-2000021021202
In base 8, what is 3 + 430542?
430545
In base 12, what is 82 - -9274?
9336
In base 8, what is 47 + -1002?
-733
In base 4, what is -13 + -10312023?
-10312102
In base 4, what is 21311222 + -3?
21311213
In base 14, what is -11163 + -4?
-11167
In base 9, what is 3 + -227833?
-227830
In base 4, what is 100212 - 1013?
33133
In base 4, what is -1012222 + -101?
-1012323
In base 7, what is 23 + 311363?
311416
In base 14, what is 4 - c16b?
-c167
In base 9, what is 60876 + -1?
60875
In base 12, what is 2 + 183136?
183138
In base 8, what is 4 + -3761?
-3755
In base 15, what is 6d03 + c4?
6dc7
In base 9, what is -6231 + -2?
-6233
In base 7, what is -334145 + 11?
-334134
In base 5, what is -24312210 - 10?
-24312220
In base 7, what is 44 + 23605?
23652
In base 7, what is -322 - -15551?
15226
In base 2, what is 1111100001 - -10?
1111100011
In base 12, what is 68 - 36?
32
In base 9, what is 20 - -4564?
4584
In base 8, what is 2245 - 641?
1404
In base 14, what is -41 + 1bb2?
1b71
In base 12, what is -17ab + 6a?
-1741
In base 9, what is 2726 + -28?
2687
In base 16, what is -29 - 79c2?
-79eb
In base 9, what is -44762 + -5?
-44767
In base 12, what is 0 - 125a?
-125a
In base 2, what is 1001101110011 + 111100011?
1010101010110
In base 10, what is 24 + 8797?
8821
In base 9, what is 5 - -1027814?
1027820
In base 5, what is -2 + -1104024?
-1104031
In base 9, what is 57142 + -2?
57140
In base 3, what is -121021120 + -10001?
-121101121
In base 14, what is 5 + 1c860d?
1c8614
In base 3, what is 222111 - 12?
222022
In base 10, what is 2 - -745823?
745825
In base 9, what is -1016145 - 1?
-1016146
In base 11, what is 619 + -85?
544
In base 12, what is 12462 + 66?
12508
In base 8, what is 1307723 + -4?
1307717
In base 3, what is -1122021 - 10?
-1122101
In base 6, what is -1 - 34121?
-34122
In base 6, what is 3 - -15233035?
15233042
In base 7, what is 5 + 65525?
65533
In base 7, what is 2144542 + 1?
2144543
In base 9, what is 4 + -8213?
-8208
In base 16, what is 13 - -650c?
651f
In base 10, what is -29528 - 13?
-29541
In base 12, what is -6 + -3911?
-3917
In base 11, what is 3 - 62326?
-62323
In base 10, what is -1589 + 24?
-1565
In base 8, what is 7575 - 70?
7505
In base 4, what is 130 + -11103?
-10313
In base 9, what is 151 - 63?
77
In base 2, what is 10000111110 + -110100?
10000001010
In base 2, what is 100101101101 + -110110?
100100110111
In base 7, what is -1 + -12422?
-12423
In base 6, what is 335430 + -12?
335414
In base 12, what is -1a + -390a2?
-39100
In base 5, what is 4 + -311222211?
-311222202
In base 14, what is -9 + -2785?
-2790
In base 15, what is d - -830c?
831a
In b